{"id":251,"date":"2016-07-20T14:47:42","date_gmt":"2016-07-20T13:47:42","guid":{"rendered":"http:\/\/unpoildemotion.fr\/?page_id=251"},"modified":"2025-10-21T19:59:36","modified_gmt":"2025-10-21T18:59:36","slug":"mention-legale-dun-poil-demotion","status":"publish","type":"page","link":"https:\/\/unpoildemotion.fr\/index.php\/mention-legale-dun-poil-demotion\/","title":{"rendered":"Mention l\u00e9gale d&rsquo;un poil d&rsquo;\u00e9motion"},"content":{"rendered":"<p>[et_pb_section fb_built=\u00a0\u00bb1&Prime; custom_padding_last_edited=\u00a0\u00bbon|desktop\u00a0\u00bb admin_label=\u00a0\u00bbsection\u00a0\u00bb _builder_version=\u00a0\u00bb4.19.5&Prime; background_color=\u00a0\u00bb#02aec9&Prime; custom_padding_tablet=\u00a0\u00bb50px|0|50px|0&Prime; custom_padding_phone=\u00a0\u00bb\u00a0\u00bb hover_enabled=\u00a0\u00bb0&Prime; transparent_background=\u00a0\u00bboff\u00a0\u00bb padding_mobile=\u00a0\u00bboff\u00a0\u00bb make_fullwidth=\u00a0\u00bboff\u00a0\u00bb use_custom_width=\u00a0\u00bboff\u00a0\u00bb width_unit=\u00a0\u00bbon\u00a0\u00bb global_colors_info=\u00a0\u00bb{}\u00a0\u00bb background_enable_image=\u00a0\u00bboff\u00a0\u00bb sticky_enabled=\u00a0\u00bb0&Prime;][et_pb_row admin_label=\u00a0\u00bbrow\u00a0\u00bb _builder_version=\u00a0\u00bb4.19.5&Prime; background_size=\u00a0\u00bbinitial\u00a0\u00bb background_position=\u00a0\u00bbtop_left\u00a0\u00bb background_repeat=\u00a0\u00bbrepeat\u00a0\u00bb animation_style=\u00a0\u00bbfade\u00a0\u00bb hover_enabled=\u00a0\u00bb0&Prime; border_width_all=\u00a0\u00bb18px\u00a0\u00bb border_color_all=\u00a0\u00bb#FFFFFF\u00a0\u00bb box_shadow_style=\u00a0\u00bbpreset5&Prime; global_colors_info=\u00a0\u00bb{}\u00a0\u00bb background_color=\u00a0\u00bb#FFFFFF\u00a0\u00bb sticky_enabled=\u00a0\u00bb0&Prime;][et_pb_column type=\u00a0\u00bb4_4&Prime; _builder_version=\u00a0\u00bb4.16&Prime; custom_padding=\u00a0\u00bb|||\u00a0\u00bb global_colors_info=\u00a0\u00bb{}\u00a0\u00bb custom_padding__hover=\u00a0\u00bb|||\u00a0\u00bb][et_pb_text admin_label=\u00a0\u00bbTexte\u00a0\u00bb _builder_version=\u00a0\u00bb4.16&Prime; text_font=\u00a0\u00bbJudson||||\u00a0\u00bb text_line_height=\u00a0\u00bb1.5em\u00a0\u00bb header_font=\u00a0\u00bbLeckerli One||||\u00a0\u00bb background_size=\u00a0\u00bbinitial\u00a0\u00bb background_position=\u00a0\u00bbtop_left\u00a0\u00bb background_repeat=\u00a0\u00bbrepeat\u00a0\u00bb hover_enabled=\u00a0\u00bb0&Prime; use_border_color=\u00a0\u00bboff\u00a0\u00bb border_color=\u00a0\u00bb#ffffff\u00a0\u00bb border_style=\u00a0\u00bbsolid\u00a0\u00bb global_colors_info=\u00a0\u00bb{}\u00a0\u00bb sticky_enabled=\u00a0\u00bb0&Prime;]<\/p>\n<h1 style=\"text-align: center;\"><\/h1>\n<h2><span style=\"color: #239edc; font-size: 18pt;\">un poil d&rsquo;\u00e9motion<\/span><\/h2>\n<p><span style=\"color: #000000; font-size: 12pt;\">59265 Aubencheul-au-Bac &#8211; France<\/span><br \/><span style=\"color: #000000; font-size: 12pt;\"> t\u00e9l\u00e9phone : 06.67.67.70.94 \/\u00a0<\/span><span style=\"color: #000000; font-size: 12pt;\">email : unpoildemotion@gmail.com<\/span><br \/><span style=\"color: #000000; font-size: 12pt;\"> Repr\u00e9sentant l\u00e9gal et directeur des publications : Delecourt Perrine<\/span><br \/><span style=\"color: #000000; font-size: 12pt;\"> Site \u00e9dit\u00e9 par : Delecourt Perrine \/\u00a0<\/span><span style=\"color: #000000; font-size: 12pt;\">Centre serveur, h\u00e9bergeur : OVH\u00a02 rue Kellermann &#8211; 59100 Roubaix &#8211; France<\/span><br \/><span style=\"color: #000000; font-size: 12pt;\"> SIRET 828 826 263 00034<\/span><\/p>\n<p><span style=\"color: #000000; font-size: 12pt;\"> code\u00a0APE 8690F<\/span><\/p>\n<p><span style=\"color: #000000; font-size: 12pt;\">Conform\u00e9ment aux dispositions de la loi Informatique et Libert\u00e9s du 6 janvier 1978, toutes les donn\u00e9es informatiques vous concernant sont trait\u00e9es de mani\u00e8re strictement confidentielle. Vous disposez d&rsquo;un droit d&rsquo;acc\u00e8s, de rectification et d&rsquo;opposition \u00e0 vos donn\u00e9es. Pour cela, il vous suffit de nous en faire la demande en ligne ou par courrier en nous indiquant votre nom, pr\u00e9nom, adresse.<\/span><\/p>\n<p>&nbsp;<\/p>\n<p>[\/et_pb_text][\/et_pb_column][\/et_pb_row][\/et_pb_section]<\/p>\n","protected":false},"excerpt":{"rendered":"<p>un poil d&rsquo;\u00e9motion 59265 Aubencheul-au-Bac &#8211; France t\u00e9l\u00e9phone : 06.67.67.70.94 \/\u00a0email : unpoildemotion@gmail.com Repr\u00e9sentant l\u00e9gal et directeur des publications : Delecourt Perrine Site \u00e9dit\u00e9 par : Delecourt Perrine \/\u00a0Centre serveur, h\u00e9bergeur : OVH\u00a02 rue Kellermann &#8211; 59100 Roubaix &#8211; France SIRET 828 826 263 00034 code\u00a0APE 8690F Conform\u00e9ment aux dispositions de la loi Informatique et [&hellip;]<\/p>\n","protected":false},"author":1,"featured_media":0,"parent":0,"menu_order":0,"comment_status":"closed","ping_status":"closed","template":"","meta":{"_et_pb_use_builder":"on","_et_pb_old_content":"","_et_gb_content_width":""},"yoast_head":"<!-- This site is optimized with the Yoast SEO plugin v20.4 - https:\/\/yoast.com\/wordpress\/plugins\/seo\/ -->\n<title>Mention l\u00e9gale d&#039;un poil d&#039;\u00e9motion - un poil d&#039;\u00e9motion<\/title>\n<meta name=\"robots\" content=\"index, follow, max-snippet:-1, max-image-preview:large, max-video-preview:-1\" \/>\n<link rel=\"canonical\" href=\"https:\/\/unpoildemotion.fr\/index.php\/mention-legale-dun-poil-demotion\/\" \/>\n<meta property=\"og:locale\" content=\"fr_FR\" \/>\n<meta property=\"og:type\" content=\"article\" \/>\n<meta property=\"og:title\" content=\"Mention l\u00e9gale d&#039;un poil d&#039;\u00e9motion - un poil d&#039;\u00e9motion\" \/>\n<meta property=\"og:description\" content=\"un poil d&#039;\u00e9motion 59265 Aubencheul-au-Bac - France t\u00e9l\u00e9phone : 06.67.67.70.94 \/\u00a0email : unpoildemotion@gmail.com Repr\u00e9sentant l\u00e9gal et directeur des publications : Delecourt Perrine Site \u00e9dit\u00e9 par : Delecourt Perrine \/\u00a0Centre serveur, h\u00e9bergeur : OVH\u00a02 rue Kellermann - 59100 Roubaix - France SIRET 828 826 263 00034 code\u00a0APE 8690F Conform\u00e9ment aux dispositions de la loi Informatique et [&hellip;]\" \/>\n<meta property=\"og:url\" content=\"https:\/\/unpoildemotion.fr\/index.php\/mention-legale-dun-poil-demotion\/\" \/>\n<meta property=\"og:site_name\" content=\"un poil d&#039;\u00e9motion\" \/>\n<meta property=\"article:modified_time\" content=\"2025-10-21T18:59:36+00:00\" \/>\n<meta name=\"twitter:card\" content=\"summary_large_image\" \/>\n<meta name=\"twitter:label1\" content=\"Dur\u00e9e de lecture estim\u00e9e\" \/>\n\t<meta name=\"twitter:data1\" content=\"1 minute\" \/>\n<script type=\"application\/ld+json\" class=\"yoast-schema-graph\">{\"@context\":\"https:\/\/schema.org\",\"@graph\":[{\"@type\":\"WebPage\",\"@id\":\"https:\/\/unpoildemotion.fr\/index.php\/mention-legale-dun-poil-demotion\/\",\"url\":\"https:\/\/unpoildemotion.fr\/index.php\/mention-legale-dun-poil-demotion\/\",\"name\":\"Mention l\u00e9gale d'un poil d'\u00e9motion - un poil d&#039;\u00e9motion\",\"isPartOf\":{\"@id\":\"https:\/\/unpoildemotion.fr\/#website\"},\"datePublished\":\"2016-07-20T13:47:42+00:00\",\"dateModified\":\"2025-10-21T18:59:36+00:00\",\"breadcrumb\":{\"@id\":\"https:\/\/unpoildemotion.fr\/index.php\/mention-legale-dun-poil-demotion\/#breadcrumb\"},\"inLanguage\":\"fr-FR\",\"potentialAction\":[{\"@type\":\"ReadAction\",\"target\":[\"https:\/\/unpoildemotion.fr\/index.php\/mention-legale-dun-poil-demotion\/\"]}]},{\"@type\":\"BreadcrumbList\",\"@id\":\"https:\/\/unpoildemotion.fr\/index.php\/mention-legale-dun-poil-demotion\/#breadcrumb\",\"itemListElement\":[{\"@type\":\"ListItem\",\"position\":1,\"name\":\"Accueil\",\"item\":\"https:\/\/unpoildemotion.fr\/\"},{\"@type\":\"ListItem\",\"position\":2,\"name\":\"Mention l\u00e9gale d&rsquo;un poil d&rsquo;\u00e9motion\"}]},{\"@type\":\"WebSite\",\"@id\":\"https:\/\/unpoildemotion.fr\/#website\",\"url\":\"https:\/\/unpoildemotion.fr\/\",\"name\":\"un poil d&#039;\u00e9motion\",\"description\":\"le bien-\u00eatre par l&#039;animal\",\"publisher\":{\"@id\":\"https:\/\/unpoildemotion.fr\/#\/schema\/person\/492b22c9db13b2c944912056d80be19a\"},\"potentialAction\":[{\"@type\":\"SearchAction\",\"target\":{\"@type\":\"EntryPoint\",\"urlTemplate\":\"https:\/\/unpoildemotion.fr\/?s={search_term_string}\"},\"query-input\":\"required name=search_term_string\"}],\"inLanguage\":\"fr-FR\"},{\"@type\":[\"Person\",\"Organization\"],\"@id\":\"https:\/\/unpoildemotion.fr\/#\/schema\/person\/492b22c9db13b2c944912056d80be19a\",\"name\":\"perrine delecourt\",\"logo\":{\"@id\":\"https:\/\/unpoildemotion.fr\/#\/schema\/person\/image\/\"}}]}<\/script>\n<!-- \/ Yoast SEO plugin. -->","yoast_head_json":{"title":"Mention l\u00e9gale d'un poil d'\u00e9motion - un poil d&#039;\u00e9motion","robots":{"index":"index","follow":"follow","max-snippet":"max-snippet:-1","max-image-preview":"max-image-preview:large","max-video-preview":"max-video-preview:-1"},"canonical":"https:\/\/unpoildemotion.fr\/index.php\/mention-legale-dun-poil-demotion\/","og_locale":"fr_FR","og_type":"article","og_title":"Mention l\u00e9gale d'un poil d'\u00e9motion - un poil d&#039;\u00e9motion","og_description":"un poil d'\u00e9motion 59265 Aubencheul-au-Bac - France t\u00e9l\u00e9phone : 06.67.67.70.94 \/\u00a0email : unpoildemotion@gmail.com Repr\u00e9sentant l\u00e9gal et directeur des publications : Delecourt Perrine Site \u00e9dit\u00e9 par : Delecourt Perrine \/\u00a0Centre serveur, h\u00e9bergeur : OVH\u00a02 rue Kellermann - 59100 Roubaix - France SIRET 828 826 263 00034 code\u00a0APE 8690F Conform\u00e9ment aux dispositions de la loi Informatique et [&hellip;]","og_url":"https:\/\/unpoildemotion.fr\/index.php\/mention-legale-dun-poil-demotion\/","og_site_name":"un poil d&#039;\u00e9motion","article_modified_time":"2025-10-21T18:59:36+00:00","twitter_card":"summary_large_image","twitter_misc":{"Dur\u00e9e de lecture estim\u00e9e":"1 minute"},"schema":{"@context":"https:\/\/schema.org","@graph":[{"@type":"WebPage","@id":"https:\/\/unpoildemotion.fr\/index.php\/mention-legale-dun-poil-demotion\/","url":"https:\/\/unpoildemotion.fr\/index.php\/mention-legale-dun-poil-demotion\/","name":"Mention l\u00e9gale d'un poil d'\u00e9motion - un poil d&#039;\u00e9motion","isPartOf":{"@id":"https:\/\/unpoildemotion.fr\/#website"},"datePublished":"2016-07-20T13:47:42+00:00","dateModified":"2025-10-21T18:59:36+00:00","breadcrumb":{"@id":"https:\/\/unpoildemotion.fr\/index.php\/mention-legale-dun-poil-demotion\/#breadcrumb"},"inLanguage":"fr-FR","potentialAction":[{"@type":"ReadAction","target":["https:\/\/unpoildemotion.fr\/index.php\/mention-legale-dun-poil-demotion\/"]}]},{"@type":"BreadcrumbList","@id":"https:\/\/unpoildemotion.fr\/index.php\/mention-legale-dun-poil-demotion\/#breadcrumb","itemListElement":[{"@type":"ListItem","position":1,"name":"Accueil","item":"https:\/\/unpoildemotion.fr\/"},{"@type":"ListItem","position":2,"name":"Mention l\u00e9gale d&rsquo;un poil d&rsquo;\u00e9motion"}]},{"@type":"WebSite","@id":"https:\/\/unpoildemotion.fr\/#website","url":"https:\/\/unpoildemotion.fr\/","name":"un poil d&#039;\u00e9motion","description":"le bien-\u00eatre par l&#039;animal","publisher":{"@id":"https:\/\/unpoildemotion.fr\/#\/schema\/person\/492b22c9db13b2c944912056d80be19a"},"potentialAction":[{"@type":"SearchAction","target":{"@type":"EntryPoint","urlTemplate":"https:\/\/unpoildemotion.fr\/?s={search_term_string}"},"query-input":"required name=search_term_string"}],"inLanguage":"fr-FR"},{"@type":["Person","Organization"],"@id":"https:\/\/unpoildemotion.fr\/#\/schema\/person\/492b22c9db13b2c944912056d80be19a","name":"perrine delecourt","logo":{"@id":"https:\/\/unpoildemotion.fr\/#\/schema\/person\/image\/"}}]}},"_links":{"self":[{"href":"https:\/\/unpoildemotion.fr\/index.php\/wp-json\/wp\/v2\/pages\/251"}],"collection":[{"href":"https:\/\/unpoildemotion.fr\/index.php\/wp-json\/wp\/v2\/pages"}],"about":[{"href":"https:\/\/unpoildemotion.fr\/index.php\/wp-json\/wp\/v2\/types\/page"}],"author":[{"embeddable":true,"href":"https:\/\/unpoildemotion.fr\/index.php\/wp-json\/wp\/v2\/users\/1"}],"replies":[{"embeddable":true,"href":"https:\/\/unpoildemotion.fr\/index.php\/wp-json\/wp\/v2\/comments?post=251"}],"version-history":[{"count":22,"href":"https:\/\/unpoildemotion.fr\/index.php\/wp-json\/wp\/v2\/pages\/251\/revisions"}],"predecessor-version":[{"id":1536,"href":"https:\/\/unpoildemotion.fr\/index.php\/wp-json\/wp\/v2\/pages\/251\/revisions\/1536"}],"wp:attachment":[{"href":"https:\/\/unpoildemotion.fr\/index.php\/wp-json\/wp\/v2\/media?parent=251"}],"curies":[{"name":"wp","href":"https:\/\/api.w.org\/{rel}","templated":true}]}}